{"id":17,"date":"2023-12-19T16:33:26","date_gmt":"2023-12-19T19:33:26","guid":{"rendered":"https:\/\/ccmed.com.br\/sepse\/?page_id=17"},"modified":"2026-04-09T21:10:44","modified_gmt":"2026-04-10T00:10:44","slug":"comissao-organizadora","status":"publish","type":"page","link":"https:\/\/eventosaben.org.br\/76cben\/comissao-organizadora\/","title":{"rendered":"Comiss\u00e3o Organizadora"},"content":{"rendered":"\t\t<div data-elementor-type=\"wp-page\" data-elementor-id=\"17\" class=\"elementor elementor-17\" data-elementor-post-type=\"page\">\n\t\t\t\t<div class=\"elementor-element elementor-element-3fd7d853 e-flex e-con-boxed e-con e-parent\" data-id=\"3fd7d853\" data-element_type=\"container\" data-e-type=\"container\" data-settings=\"{&quot;background_background&quot;:&quot;classic&quot;}\">\n\t\t\t\t\t<div class=\"e-con-inner\">\n\t\t\t\t\t<\/div>\n\t\t\t\t<\/div>\n\t\t<div class=\"elementor-element elementor-element-58f2d37 e-flex e-con-boxed e-con e-parent\" data-id=\"58f2d37\" data-element_type=\"container\" data-e-type=\"container\">\n\t\t\t\t\t<div class=\"e-con-inner\">\n\t\t\t\t\t<\/div>\n\t\t\t\t<\/div>\n\t\t<div class=\"elementor-element elementor-element-cca869e e-flex e-con-boxed e-con e-parent\" data-id=\"cca869e\" data-element_type=\"container\" data-e-type=\"container\">\n\t\t\t\t\t<div class=\"e-con-inner\">\n\t\t\t\t<div class=\"elementor-element elementor-element-d210022 elementor-widget elementor-widget-text-editor\" data-id=\"d210022\" data-element_type=\"widget\" data-e-type=\"widget\" data-widget_type=\"text-editor.default\">\n\t\t\t\t<div class=\"elementor-widget-container\">\n\t\t\t\t\t\t\t\t\t<p>Em breve!<\/p>\t\t\t\t\t\t\t\t<\/div>\n\t\t\t\t<\/div>\n\t\t\t\t\t<\/div>\n\t\t\t\t<\/div>\n\t\t<div class=\"elementor-element elementor-element-3cb5f48 elementor-hidden-desktop elementor-hidden-tablet elementor-hidden-mobile e-flex e-con-boxed e-con e-parent\" data-id=\"3cb5f48\" data-element_type=\"container\" data-e-type=\"container\">\n\t\t\t\t\t<div class=\"e-con-inner\">\n\t\t\t\t<div class=\"elementor-element elementor-element-4c34beb elementor-widget elementor-widget-accordion\" data-id=\"4c34beb\" data-element_type=\"widget\" data-e-type=\"widget\" data-widget_type=\"accordion.default\">\n\t\t\t\t<div class=\"elementor-widget-container\">\n\t\t\t\t\t\t\t<div class=\"elementor-accordion\">\n\t\t\t\t\t\t\t<div class=\"elementor-accordion-item\">\n\t\t\t\t\t<div id=\"elementor-tab-title-7991\" class=\"elementor-tab-title\" data-tab=\"1\" role=\"button\" aria-controls=\"elementor-tab-content-7991\" aria-expanded=\"false\">\n\t\t\t\t\t\t\t\t\t\t\t\t\t<span class=\"elementor-accordion-icon elementor-accordion-icon-left\" aria-hidden=\"true\">\n\t\t\t\t\t\t\t\t\t\t\t\t\t\t\t<span class=\"elementor-accordion-icon-closed\"><svg class=\"e-font-icon-svg e-fas-plus\" viewBox=\"0 0 448 512\" xmlns=\"http:\/\/www.w3.org\/2000\/svg\"><path d=\"M416 208H272V64c0-17.67-14.33-32-32-32h-32c-17.67 0-32 14.33-32 32v144H32c-17.67 0-32 14.33-32 32v32c0 17.67 14.33 32 32 32h144v144c0 17.67 14.33 32 32 32h32c17.67 0 32-14.33 32-32V304h144c17.67 0 32-14.33 32-32v-32c0-17.67-14.33-32-32-32z\"><\/path><\/svg><\/span>\n\t\t\t\t\t\t\t\t<span class=\"elementor-accordion-icon-opened\"><svg class=\"e-font-icon-svg e-fas-minus\" viewBox=\"0 0 448 512\" xmlns=\"http:\/\/www.w3.org\/2000\/svg\"><path d=\"M416 208H32c-17.67 0-32 14.33-32 32v32c0 17.67 14.33 32 32 32h384c17.67 0 32-14.33 32-32v-32c0-17.67-14.33-32-32-32z\"><\/path><\/svg><\/span>\n\t\t\t\t\t\t\t\t\t\t\t\t\t\t<\/span>\n\t\t\t\t\t\t\t\t\t\t\t\t<a class=\"elementor-accordion-title\" tabindex=\"0\">PRESID\u00caNCIA, COORDENA\u00c7\u00c3O, COMISS\u00d5ES E SUBCOMISS\u00d5ES<\/a>\n\t\t\t\t\t<\/div>\n\t\t\t\t\t<div id=\"elementor-tab-content-7991\" class=\"elementor-tab-content elementor-clearfix\" data-tab=\"1\" role=\"region\" aria-labelledby=\"elementor-tab-title-7991\"><p><strong>Presidenta Nacional do 75\u00ba CBEn e eventos sat\u00e9lites:<\/strong><br \/>Profa. Dra. Jacinta de F\u00e1tima Sena da Silva &#8211; Presidenta da ABEn Nacional &#8211; Gest\u00e3o 2022 &#8211; 2025<\/p><p><strong>Vice-Presidenta da ABEn Nacional:<br \/><\/strong>Dra. Sonia Alves<\/p><p><strong>Vice-Presidenta do 75\u00ba CBEn:<\/strong><br \/>Dra Iride Cristofoli Caberlon &#8211; Presidenta da Associa\u00e7\u00e3o Brasileira de Enfermagem \u2013 Se\u00e7\u00e3o Rio Grande do Sul<\/p><p><strong>Coordenadora Geral da Comiss\u00e3o Cient\u00edfica:<\/strong><br \/>Dra. Dagmar Elaine Kaiser &#8211; Diretora de Educa\u00e7\u00e3o da ABEn-RS\u00a0<\/p><p><strong>Coordena\u00e7\u00e3o Nacional do 7\u00ba CLAHEN:<\/strong><br \/>Dra. Cassia Barbosa Reis &#8211; Diretora de Estudos e Pesquisa em Enfermagem da ABEn Nacional\u00a0<\/p><p><strong>Coordena\u00e7\u00e3o Nacional do 8\u00ba SENABS:<\/strong><br \/>Dra. Livia Angeli Silva &#8211; Diretora de Desenvolvimento da Pr\u00e1tica Profissional e do Trabalho de Enfermagem da ABEn Nacional\u00a0<\/p><p><strong>Coordenadora Nacional de Comunica\u00e7\u00e3o Social:<\/strong><br \/>Dra. Erica Malmann Duarte &#8211; Diretora de Comunica\u00e7\u00e3o Social e Publica\u00e7\u00f5es da ABEn Nacional\u00a0<\/p><p><strong>Coordena\u00e7\u00e3o Nacional de Finan\u00e7as e Capta\u00e7\u00e3o de Recursos:<\/strong><br \/>Dra. Aline Mac\u00eado de Queir\u00f3z &#8211; Diretora Financeira da ABEn Nacional\u00a0<\/p><p><strong>Coordena\u00e7\u00e3o Nacional de Educa\u00e7\u00e3o em Enfermagem da ABEn Nacional:<\/strong><br \/>Dra. C\u00e9lia Rozendo\u00a0<\/p><p><strong>Secret\u00e1ria Geral da ABEn Nacional:<\/strong><br \/>Dra. Rosalina Sudo<\/p><\/div>\n\t\t\t\t<\/div>\n\t\t\t\t\t\t\t\t<\/div>\n\t\t\t\t\t\t<\/div>\n\t\t\t\t<\/div>\n\t\t\t\t\t<\/div>\n\t\t\t\t<\/div>\n\t\t\t\t<\/div>\n\t\t","protected":false},"excerpt":{"rendered":"<p>Em breve! PRESID\u00caNCIA, COORDENA\u00c7\u00c3O, COMISS\u00d5ES E SUBCOMISS\u00d5ES Presidenta Nacional do 75\u00ba CBEn e eventos sat\u00e9lites:Profa. Dra. Jacinta de F\u00e1tima Sena da Silva &#8211; Presidenta da ABEn Nacional &#8211; Gest\u00e3o 2022 &#8211; 2025 Vice-Presidenta da ABEn Nacional:Dra. Sonia Alves Vice-Presidenta do 75\u00ba CBEn:Dra Iride Cristofoli Caberlon &#8211; Presidenta da Associa\u00e7\u00e3o Brasileira de Enfermagem \u2013 Se\u00e7\u00e3o Rio [&hellip;]<\/p>\n","protected":false},"author":1,"featured_media":0,"parent":0,"menu_order":0,"comment_status":"closed","ping_status":"closed","template":"elementor_header_footer","meta":{"_joinchat":[],"footnotes":""},"class_list":["post-17","page","type-page","status-publish","hentry"],"aioseo_notices":[],"_hostinger_reach_plugin_has_subscription_block":false,"_hostinger_reach_plugin_is_elementor":false,"_links":{"self":[{"href":"https:\/\/eventosaben.org.br\/76cben\/wp-json\/wp\/v2\/pages\/17","targetHints":{"allow":["GET"]}}],"collection":[{"href":"https:\/\/eventosaben.org.br\/76cben\/wp-json\/wp\/v2\/pages"}],"about":[{"href":"https:\/\/eventosaben.org.br\/76cben\/wp-json\/wp\/v2\/types\/page"}],"author":[{"embeddable":true,"href":"https:\/\/eventosaben.org.br\/76cben\/wp-json\/wp\/v2\/users\/1"}],"replies":[{"embeddable":true,"href":"https:\/\/eventosaben.org.br\/76cben\/wp-json\/wp\/v2\/comments?post=17"}],"version-history":[{"count":178,"href":"https:\/\/eventosaben.org.br\/76cben\/wp-json\/wp\/v2\/pages\/17\/revisions"}],"predecessor-version":[{"id":3592,"href":"https:\/\/eventosaben.org.br\/76cben\/wp-json\/wp\/v2\/pages\/17\/revisions\/3592"}],"wp:attachment":[{"href":"https:\/\/eventosaben.org.br\/76cben\/wp-json\/wp\/v2\/media?parent=17"}],"curies":[{"name":"wp","href":"https:\/\/api.w.org\/{rel}","templated":true}]}}