{"id":17,"date":"2023-12-19T16:33:26","date_gmt":"2023-12-19T19:33:26","guid":{"rendered":"https:\/\/ccmed.com.br\/sepse\/?page_id=17"},"modified":"2025-05-12T17:31:36","modified_gmt":"2025-05-12T20:31:36","slug":"comissao-organizadora","status":"publish","type":"page","link":"https:\/\/eventosaben.org.br\/23senpe\/comissao-organizadora\/","title":{"rendered":"Comiss\u00e3o Organizadora"},"content":{"rendered":"\t\t<div data-elementor-type=\"wp-page\" data-elementor-id=\"17\" class=\"elementor elementor-17\" data-elementor-post-type=\"page\">\n\t\t\t\t<div class=\"elementor-element elementor-element-46972686 e-flex e-con-boxed e-con e-parent\" data-id=\"46972686\" data-element_type=\"container\" data-settings=\"{&quot;background_background&quot;:&quot;classic&quot;}\">\n\t\t\t\t\t<div class=\"e-con-inner\">\n\t\t\t\t\t<\/div>\n\t\t\t\t<\/div>\n\t\t<div class=\"elementor-element elementor-element-c68adbc e-flex e-con-boxed e-con e-parent\" data-id=\"c68adbc\" data-element_type=\"container\">\n\t\t\t\t\t<div class=\"e-con-inner\">\n\t\t<div class=\"elementor-element elementor-element-ea90074 e-con-full e-flex e-con e-child\" data-id=\"ea90074\" data-element_type=\"container\">\n\t\t\t\t<div class=\"elementor-element elementor-element-f451954 elementor-widget elementor-widget-elementskit-team\" data-id=\"f451954\" data-element_type=\"widget\" data-widget_type=\"elementskit-team.default\">\n\t\t\t\t<div class=\"elementor-widget-container\">\n\t\t\t\t\t<div class=\"ekit-wid-con\">\t\t\t\t\t\t\t\t\n\t\t<div class=\"profile-card elementor-animation- text-center ekit-team-style-default\">\n\t\t\t\t\t\t\n\t\t\t\t<div class=\"profile-header ekit-team-img ekit-img-overlay ekit-team-img-block\" >\n\t\t\t\t\t<img decoding=\"async\" src=\"https:\/\/eventosaben.org.br\/23senpe\/wp-content\/uploads\/elementor\/thumbs\/Jacinta-de-Fatima-Sena-da-Silva-r5poe98l01xdkpjbg0migf7buavmuvb4qggphdfiyg.jpg\" title=\"Jacinta-de-Fatima-Sena-da-Silva\" alt=\"Jacinta-de-Fatima-Sena-da-Silva\" loading=\"lazy\" \/>\t\t\t\t<\/div><!-- .profile-header END -->\n\t\t\t\t\t\t\n\n\t\t\t\t<div class=\"profile-body\">\n\t\t\t\t\t\n\t\t\t\t\t<h2 class=\"profile-title\">\n\t\t\t\t\t\t\t\t\t\t\tJacinta de F\u00e1tima Sena da Silva\t\t\t\t\t\t\t\t\t\t<\/h2>\n\t\t\t\t\t<p class=\"profile-designation\"><\/p>\n\t\t\t\t\t\t\t\t\t\t<p class=\"profile-content\">Presidenta ABEn Nacional<br \/>\nPresidente do 23\u00ba SENPE e 4\u00ba SINPE (2025)<\/p>\n\t\t\t\t\t\t\t\t\t<\/div><!-- .profile-body END -->\n\n\t\t\t\t\t\t\t\t<\/div>\n\t\t\t\t\t\t\t\n\t\t\t\n\t\t\t\t<\/div>\t\t\t\t<\/div>\n\t\t\t\t<\/div>\n\t\t\t\t<\/div>\n\t\t<div class=\"elementor-element elementor-element-1daffe6 e-con-full e-flex e-con e-child\" data-id=\"1daffe6\" data-element_type=\"container\">\n\t\t\t\t<div class=\"elementor-element elementor-element-6a16aa3 elementor-widget elementor-widget-elementskit-team\" data-id=\"6a16aa3\" data-element_type=\"widget\" data-widget_type=\"elementskit-team.default\">\n\t\t\t\t<div class=\"elementor-widget-container\">\n\t\t\t\t\t<div class=\"ekit-wid-con\">\t\t\t\t\t\t\t\t\n\t\t<div class=\"profile-card elementor-animation- text-center ekit-team-style-default\">\n\t\t\t\t\t\t\n\t\t\t\t<div class=\"profile-header ekit-team-img ekit-img-overlay ekit-team-img-block\" >\n\t\t\t\t\t<img fetchpriority=\"high\" decoding=\"async\" width=\"800\" height=\"800\" src=\"https:\/\/eventosaben.org.br\/23senpe\/wp-content\/uploads\/2025\/05\/Cassia-Barbosa-Reis-UEMS-e-ABEn-Nacional.jpg\" class=\"attachment-large size-large wp-image-2284\" alt=\"\" srcset=\"https:\/\/eventosaben.org.br\/23senpe\/wp-content\/uploads\/2025\/05\/Cassia-Barbosa-Reis-UEMS-e-ABEn-Nacional.jpg 816w, https:\/\/eventosaben.org.br\/23senpe\/wp-content\/uploads\/2025\/05\/Cassia-Barbosa-Reis-UEMS-e-ABEn-Nacional-300x300.jpg 300w, https:\/\/eventosaben.org.br\/23senpe\/wp-content\/uploads\/2025\/05\/Cassia-Barbosa-Reis-UEMS-e-ABEn-Nacional-150x150.jpg 150w, https:\/\/eventosaben.org.br\/23senpe\/wp-content\/uploads\/2025\/05\/Cassia-Barbosa-Reis-UEMS-e-ABEn-Nacional-768x768.jpg 768w\" sizes=\"(max-width: 800px) 100vw, 800px\" \/>\t\t\t\t<\/div><!-- .profile-header END -->\n\t\t\t\t\t\t\n\n\t\t\t\t<div class=\"profile-body\">\n\t\t\t\t\t\n\t\t\t\t\t<h2 class=\"profile-title\">\n\t\t\t\t\t\t\t\t\t\t\tC\u00e1ssia Barbosa Reis\t\t\t\t\t\t\t\t\t\t<\/h2>\n\t\t\t\t\t<p class=\"profile-designation\"><\/p>\n\t\t\t\t\t\t\t\t\t\t<p class=\"profile-content\">Diretora de Estudos e Pesquisa da ABEn Nacional<br \/>\nCoordena\u00e7\u00e3o Nacional do 23\u00ba SENPE e 4\u00ba SINPE (2025)<\/p>\n\t\t\t\t\t\t\t\t\t<\/div><!-- .profile-body END -->\n\n\t\t\t\t\t\t\t\t<\/div>\n\t\t\t\t\t\t\t\n\t\t\t\n\t\t\t\t<\/div>\t\t\t\t<\/div>\n\t\t\t\t<\/div>\n\t\t\t\t<\/div>\n\t\t<div class=\"elementor-element elementor-element-b136128 e-con-full e-flex e-con e-child\" data-id=\"b136128\" data-element_type=\"container\">\n\t\t\t\t<div class=\"elementor-element elementor-element-80913b3 elementor-widget elementor-widget-elementskit-team\" data-id=\"80913b3\" data-element_type=\"widget\" data-widget_type=\"elementskit-team.default\">\n\t\t\t\t<div class=\"elementor-widget-container\">\n\t\t\t\t\t<div class=\"ekit-wid-con\">\t\t\t\t\t\t\t\t\n\t\t<div class=\"profile-card elementor-animation- text-center ekit-team-style-default\">\n\t\t\t\t\t\t\n\t\t\t\t<div class=\"profile-header ekit-team-img ekit-img-overlay ekit-team-img-block\" >\n\t\t\t\t\t<img decoding=\"async\" width=\"182\" height=\"182\" src=\"https:\/\/eventosaben.org.br\/23senpe\/wp-content\/uploads\/2024\/11\/Joseane.jpg\" class=\"attachment-large size-large wp-image-1781\" alt=\"\" srcset=\"https:\/\/eventosaben.org.br\/23senpe\/wp-content\/uploads\/2024\/11\/Joseane.jpg 182w, https:\/\/eventosaben.org.br\/23senpe\/wp-content\/uploads\/2024\/11\/Joseane-150x150.jpg 150w\" sizes=\"(max-width: 182px) 100vw, 182px\" \/>\t\t\t\t<\/div><!-- .profile-header END -->\n\t\t\t\t\t\t\n\n\t\t\t\t<div class=\"profile-body\">\n\t\t\t\t\t\n\t\t\t\t\t<h2 class=\"profile-title\">\n\t\t\t\t\t\t\t\t\t\t\tJoseane Ara\u00fajo Franco\t\t\t\t\t\t\t\t\t\t<\/h2>\n\t\t\t\t\t<p class=\"profile-designation\"><\/p>\n\t\t\t\t\t\t\t\t\t\t<p class=\"profile-content\">Presidenta da ABEn-TO<br \/>\n Vice-Presidente do 23\u00ba SENPE e 4\u00ba SINPE (2025)<\/p>\n\t\t\t\t\t\t\t\t\t<\/div><!-- .profile-body END -->\n\n\t\t\t\t\t\t\t\t<\/div>\n\t\t\t\t\t\t\t\n\t\t\t\n\t\t\t\t<\/div>\t\t\t\t<\/div>\n\t\t\t\t<\/div>\n\t\t\t\t<\/div>\n\t\t<div class=\"elementor-element elementor-element-b3d8490 e-con-full e-flex e-con e-child\" data-id=\"b3d8490\" data-element_type=\"container\">\n\t\t\t\t<div class=\"elementor-element elementor-element-b8401f7 elementor-widget elementor-widget-elementskit-team\" data-id=\"b8401f7\" data-element_type=\"widget\" data-widget_type=\"elementskit-team.default\">\n\t\t\t\t<div class=\"elementor-widget-container\">\n\t\t\t\t\t<div class=\"ekit-wid-con\">\t\t\t\t\t\t\t\t\n\t\t<div class=\"profile-card elementor-animation- text-center ekit-team-style-default\">\n\t\t\t\t\t\t\n\t\t\t\t<div class=\"profile-header ekit-team-img ekit-img-overlay ekit-team-img-block\" >\n\t\t\t\t\t<img decoding=\"async\" width=\"213\" height=\"214\" src=\"https:\/\/eventosaben.org.br\/23senpe\/wp-content\/uploads\/2024\/11\/Thaysa.jpeg\" class=\"attachment-large size-large wp-image-1782\" alt=\"\" srcset=\"https:\/\/eventosaben.org.br\/23senpe\/wp-content\/uploads\/2024\/11\/Thaysa.jpeg 213w, https:\/\/eventosaben.org.br\/23senpe\/wp-content\/uploads\/2024\/11\/Thaysa-150x150.jpeg 150w\" sizes=\"(max-width: 213px) 100vw, 213px\" \/>\t\t\t\t<\/div><!-- .profile-header END -->\n\t\t\t\t\t\t\n\n\t\t\t\t<div class=\"profile-body\">\n\t\t\t\t\t\n\t\t\t\t\t<h2 class=\"profile-title\">\n\t\t\t\t\t\t\t\t\t\t\tThayza Miranda Pereira\t\t\t\t\t\t\t\t\t\t<\/h2>\n\t\t\t\t\t<p class=\"profile-designation\"><\/p>\n\t\t\t\t\t\t\t\t\t\t<p class=\"profile-content\">UFT\/Diretora Financeira da ABEn-TO<br \/>\nCoordena\u00e7\u00e3o Local do 23\u00ba SENPE e 4\u00ba SINPE (2025)<\/p>\n\t\t\t\t\t\t\t\t\t<\/div><!-- .profile-body END -->\n\n\t\t\t\t\t\t\t\t<\/div>\n\t\t\t\t\t\t\t\n\t\t\t\n\t\t\t\t<\/div>\t\t\t\t<\/div>\n\t\t\t\t<\/div>\n\t\t\t\t<\/div>\n\t\t<div class=\"elementor-element elementor-element-6f03f81 e-con-full e-flex e-con e-child\" data-id=\"6f03f81\" data-element_type=\"container\">\n\t\t\t\t<div class=\"elementor-element elementor-element-8f6ff38 elementor-widget elementor-widget-elementskit-team\" data-id=\"8f6ff38\" data-element_type=\"widget\" data-widget_type=\"elementskit-team.default\">\n\t\t\t\t<div class=\"elementor-widget-container\">\n\t\t\t\t\t<div class=\"ekit-wid-con\">\t\t\t\t\t\t\t\t\n\t\t<div class=\"profile-card elementor-animation- text-center ekit-team-style-default\">\n\t\t\t\t\t\t\n\t\t\t\t<div class=\"profile-header ekit-team-img ekit-img-overlay ekit-team-img-block\" >\n\t\t\t\t\t<img decoding=\"async\" src=\"https:\/\/eventosaben.org.br\/23senpe\/wp-content\/uploads\/elementor\/thumbs\/Ivone-r5poy4jrgz4kzyoaf3tlnwp3wixykj6v4sx7oxyxfc.jpeg\" title=\"Ivone\" alt=\"Ivone\" loading=\"lazy\" \/>\t\t\t\t<\/div><!-- .profile-header END -->\n\t\t\t\t\t\t\n\n\t\t\t\t<div class=\"profile-body\">\n\t\t\t\t\t\n\t\t\t\t\t<h2 class=\"profile-title\">\n\t\t\t\t\t\t\t\t\t\t\tIvone Evangelista Cabral\t\t\t\t\t\t\t\t\t\t<\/h2>\n\t\t\t\t\t<p class=\"profile-designation\"><\/p>\n\t\t\t\t\t\t\t\t\t\t<p class=\"profile-content\">UERJ\/UFRJ\/ABEn-RJ<br \/>\nCoordena\u00e7\u00e3o do 4\u00ba SINPE (2025)<\/p>\n\t\t\t\t\t\t\t\t\t<\/div><!-- .profile-body END -->\n\n\t\t\t\t\t\t\t\t<\/div>\n\t\t\t\t\t\t\t\n\t\t\t\n\t\t\t\t<\/div>\t\t\t\t<\/div>\n\t\t\t\t<\/div>\n\t\t\t\t<\/div>\n\t\t\t\t\t<\/div>\n\t\t\t\t<\/div>\n\t\t<div class=\"elementor-element elementor-element-27b5858 e-flex e-con-boxed e-con e-parent\" data-id=\"27b5858\" data-element_type=\"container\">\n\t\t\t\t\t<div class=\"e-con-inner\">\n\t\t\t\t<div class=\"elementor-element elementor-element-345ba8b elementor-widget elementor-widget-text-editor\" data-id=\"345ba8b\" data-element_type=\"widget\" data-widget_type=\"text-editor.default\">\n\t\t\t\t<div class=\"elementor-widget-container\">\n\t\t\t\t\t\t\t\t\t<p><strong><u>Comit\u00ea Gestor:<\/u><\/strong><\/p><p><strong>Presidente:<\/strong> Jacinta de F\u00e1tima Sena da Silva<\/p><p><strong>Vice\u2010Presidente<\/strong>: Joseane Ara\u00fajo Franco<\/p><p><strong>Coordenadora Nacional:<\/strong> C\u00e1ssia Barbosa Reis &#8211; Diretora de Estudos e Pesquisa da ABEn Nacional<\/p><p><strong>Coordena\u00e7\u00e3o Local:<\/strong><\/p><p>Aline Macedo de Queiroz\u00a0&#8211; Diretora Financeira da ABEn Nacional<\/p><p>Erica Rosalba Mallmann Duarte &#8211; Diretora de Comunica\u00e7\u00e3o e Publica\u00e7\u00e3o da ABEn Nacional<\/p><p>Sonia Maria Alves &#8211; Vice-presidenta da ABEn Nacional<\/p><p>Thayza Miranda Pereira &#8211; Diretora Financeira da ABEn-TO<\/p><p><strong>Coordena\u00e7\u00e3o da Comiss\u00e3o de Temas:<\/strong><\/p><p>C\u00e1ssia Barbosa Reis &#8211; Diretora de Estudos e Pesquisa da ABEn Nacional<\/p><p>Thayza Miranda Pereira &#8211; Diretora Financeira da ABEn-TO<\/p><p><strong>As comiss\u00f5es do 23\u00ba SENPE E DO 4\u00ba SINPE s\u00e3o:<\/strong><\/p><p><strong><u>1 &#8211; Comiss\u00e3o Cient\u00edfica:\u00a0<\/u><\/strong><\/p><p>Coordenadora: <strong>Thayza Miranda Pereira<\/strong> &#8211; Diretora Financeira da ABEn-TO<\/p><p>Membros:<\/p><p><strong>Leidiene Ferreira Santos<\/strong> &#8211; Vice-presidenta-ABEn-TO<\/p><p><strong><u> a &#8211; Subcomiss\u00e3o de Temas<\/u><\/strong><u>:\u00a0<\/u><\/p><p>Coordenadora: <strong>Leidiene Ferreira Santos<\/strong> &#8211; Vice-presidenta-ABEn-TO<\/p><p>Membros:<\/p><p><strong>C\u00e1ssia Barbosa Reis<\/strong> &#8211; Diretora de Estudos e Pesquisa da ABEn Nacional<\/p><p><strong>C\u00e9lia Rozendo<\/strong> &#8211; Diretora de Educa\u00e7\u00e3o da ABEn Nacional<\/p><p><strong>Edenise Maria Santos da Silva Batalha<\/strong> &#8211; ABEn-BA<\/p><p><strong>Elizabeth Teixeira<\/strong> &#8211; ABEn-PA<\/p><p><strong>Ivone Cabral Evangelista<\/strong> &#8211; ABEn-RJ<\/p><p><strong>Livia Angeli<\/strong> &#8211; Diretora de Pr\u00e1ticas da ABEn Nacional<\/p><p><strong>Mayckel da Silva Barreto<\/strong> &#8211; ABEn-PR<\/p><p><strong>Rodrigo Guimar\u00e3es dos Santos Almeida<\/strong> &#8211; ABEn-MS<\/p><p><strong>Thayza Miranda Pereira<\/strong> &#8211; Diretora Financeira da ABEn-TO<\/p><p><strong><u> b &#8211; Subcomiss\u00e3o de Trabalhos Cient\u00edficos<\/u><\/strong><u>:\u00a0<\/u><\/p><p>Coordenadora: <strong>Juliana Bastoni da Silva Delegada <\/strong>&#8211; UFT\/ suplente da AND &#8211; ABEn-TO<\/p><p>Membros:<\/p><p><strong>Danielle Rosa Evangelista<\/strong> &#8211; UFT\/ABEn -TO<\/p><p><strong><u> c &#8211; Subcomiss\u00e3o de Pr\u00eamios:\u00a0<\/u><\/strong><\/p><p>Coordenadora: <strong>C\u00e1ssia Barbosa Reis<\/strong> \u2013 Diretora de Estudos e Pesquisa da ABEn Nacional<\/p><p>Membros:<\/p><p><strong>J\u00e2nia Oliveira Santos<\/strong> &#8211; UFT\/ABEn -TO<\/p><p><strong> <u>d &#8211; <\/u><span style=\"text-decoration: underline;\">Subcomiss\u00e3o de lan\u00e7amento de livros: <\/span><\/strong><\/p><p>Coordenadoras: <strong>Patr\u00edcia Ferreira Nomelini <\/strong>&#8211; FESP\/ABEn-TO e\u00a0 <strong>Mirian Cristina dos Santos Almeida<\/strong> &#8211; UFT\/ABEn-TO<\/p><p>Membros:<\/p><p><strong>Erica Rosalba Mallmann Duarte<\/strong> &#8211; Diretora de Comunica\u00e7\u00e3o e Publica\u00e7\u00e3o da ABEn Nacional<\/p><p><strong><u>2 &#8211; Comiss\u00e3o de Secretaria e documenta\u00e7\u00e3o<\/u><\/strong><u>:\u00a0<\/u><\/p><p>Coordenadora: <strong>Catilena Silva Pereira Santana<\/strong> &#8211; Secret\u00e1ria Geral ABEn-TO\/ UNITINS<\/p><p>Membros:<\/p><p><strong>Mariana Rodrigues dos Santos<\/strong> &#8211; ABEn-TO<\/p><p><strong>Rosalina Aratani Sudo<\/strong> &#8211; ABEn Nacional<\/p><p><strong><u>3 &#8211; Comiss\u00e3o Financeira e Capta\u00e7\u00e3o de Recursos<\/u><\/strong><u>:\u00a0<\/u><\/p><p>Coordenadora: <strong>Aline Macedo de Queiroz\u00a0<\/strong> &#8211; Diretora Financeira da ABEn Nacional<\/p><p>Membros:<\/p><p><strong>Joseane de Ara\u00fajo Franco<\/strong> &#8211; Presidenta da ABEn-TO<\/p><p><strong>Raquel Marques Soares<\/strong> &#8211; ETSUS &#8211; N\u00facleo de resid\u00eancia e pesquisa na ETSUS\/ABEn-TO<\/p><p><strong><u>4 &#8211; Comiss\u00e3o de Infraestrutura<\/u><\/strong><\/p><p>Coordenadora: <strong>Olga Maria de Alencar<\/strong> &#8211; ABEn-TO<\/p><p>Membros:<\/p><p><strong>Ant\u00f4nia R\u00e9gia Faustino da Costa<\/strong> &#8211; T\u00e9cnica de Enfermagem\/ABEn-TO<\/p><p><strong>Guiomar Virg\u00ednia Vilela Assun\u00e7\u00e3o de Toledo Batello<\/strong> &#8211; UFT\/ABEn-TO<\/p><p><strong>Joseane de Ara\u00fajo Franco <\/strong>&#8211; Presidenta da ABEn-TO<\/p><p><strong>Maria Luisa Lopes Coelho<\/strong> &#8211; acad\u00eamica de enfermagem UFT\/ ABEn-TO<\/p><p><strong><u> a &#8211; Subcomiss\u00e3o de Recep\u00e7\u00e3o, Hospedagem e Transporte<\/u><\/strong><\/p><p>Coordenadora: <strong>Monica Bandeira<\/strong> &#8211; SES &#8211; TO\/ABEn -TO<\/p><p>Membros:<\/p><p><strong>Aparecida Barros da Silva Pereira<\/strong> &#8211; ABEn-TO<\/p><p><strong>Juliana Maria Barbosa Bertho de Oliveira<\/strong> &#8211; UFT\/ABEn-TO<\/p><p><strong><u>5 &#8211; Comiss\u00e3o de Divulga\u00e7\u00e3o\/imprensa e publica\u00e7\u00f5es<\/u><\/strong><u>:\u00a0<\/u><\/p><p>Coordenador: <strong>Daniel Martins Lima<\/strong> &#8211; ABEn-TO<\/p><p>Membros:<\/p><p><strong>Ana Kesia Lopes da Silva<\/strong> &#8211; acad\u00eamica de enfermagem &#8211; Bolsista UNITINS\/ABEn-TO<\/p><p><strong>Catilena Silva Pereira Santana<\/strong> &#8211; Secret\u00e1ria Geral da ABEn-TO\/ UNITINS<\/p><p><strong>\u00carica Rosalba Mallmann Duarte<\/strong> \u2013 Diretora de Comunica\u00e7\u00e3o e Publica\u00e7\u00e3o da ABEn Nacional<\/p><p><strong>Livia Barreto<\/strong> &#8211; ABEn Nacional<\/p><p><strong>Matheus Guilherme Duarte Rocha<\/strong> &#8211; acad\u00eamico de enfermagem &#8211;\u00a0 Bolsista UNITINS\/ABEn-TO<\/p><p><strong><u>6 &#8211; Comiss\u00e3o Sociocultural, Sa\u00fade e bem estar:<\/u><\/strong><\/p><p>Coordenadora: <strong>Candice Cristiane Barros Novaes<\/strong> &#8211; ABEn-TO<\/p><p>Membros:<\/p><p><strong>Ana Thereza Farias da Silva<\/strong> &#8211; Enfermeira\/ABEn-TO<\/p><p><strong>D\u00eania\u00a0 Rodrigues Chagas<\/strong> &#8211; ESP Aragua\u00edna\/ABEn-TO<\/p><p><strong>Domingos de Oliveira<\/strong> &#8211; UFT\/ABEn-TO<\/p><p><strong>Lara Cristyna Alves X\u00f4hkwyj Krah\u00f4<\/strong> &#8211; Acad\u00eamica de Enfermagem UFT\/ ABEn-TO<\/p><p><strong><u>7 &#8211; Comiss\u00e3o de Monitoria e apoio ao estudante<\/u><\/strong><u>: \u00a0<\/u><\/p><p>Coordenadora: <strong>Eliane Patr\u00edcia Lino Pereira Franchi<\/strong> &#8211; Diretora de Educa\u00e7\u00e3o da ABEn-TO\/ ITPAC Porto Nacional<\/p><p>Membros:<\/p><p><strong>Edilma Fiel Barbosa<\/strong> &#8211; Coordena\u00e7\u00e3o de enfermagem ITOP\/ABEn-TO<\/p><p><strong>Karine Kummer<\/strong> &#8211; Coordena\u00e7\u00e3o de enfermagem do ITPAC Porto Nacional\/ABEn-TO<\/p><p><strong>Tayene Correia Freitas<\/strong> &#8211; acad\u00eamica &#8211; CAENF-UFT\/ ABEn-TO<\/p><p><strong>Thayn\u00e1 Eduarda Marcelino<\/strong> &#8211; acad\u00eamica &#8211; ITPAC Porto Nacional<\/p>\t\t\t\t\t\t\t\t<\/div>\n\t\t\t\t<\/div>\n\t\t\t\t\t<\/div>\n\t\t\t\t<\/div>\n\t\t<div class=\"elementor-element elementor-element-40ae06e e-con-full e-flex e-con e-parent\" data-id=\"40ae06e\" data-element_type=\"container\">\n\t\t\t\t<\/div>\n\t\t<div class=\"elementor-element elementor-element-3cb5f48 elementor-hidden-desktop elementor-hidden-tablet elementor-hidden-mobile e-flex e-con-boxed e-con e-parent\" data-id=\"3cb5f48\" data-element_type=\"container\">\n\t\t\t\t\t<div class=\"e-con-inner\">\n\t\t\t\t<div class=\"elementor-element elementor-element-4c34beb elementor-widget elementor-widget-accordion\" data-id=\"4c34beb\" data-element_type=\"widget\" data-widget_type=\"accordion.default\">\n\t\t\t\t<div class=\"elementor-widget-container\">\n\t\t\t\t\t\t\t<div class=\"elementor-accordion\">\n\t\t\t\t\t\t\t<div class=\"elementor-accordion-item\">\n\t\t\t\t\t<div id=\"elementor-tab-title-7991\" class=\"elementor-tab-title\" data-tab=\"1\" role=\"button\" aria-controls=\"elementor-tab-content-7991\" aria-expanded=\"false\">\n\t\t\t\t\t\t\t\t\t\t\t\t\t<span class=\"elementor-accordion-icon elementor-accordion-icon-left\" aria-hidden=\"true\">\n\t\t\t\t\t\t\t\t\t\t\t\t\t\t\t<span class=\"elementor-accordion-icon-closed\"><svg class=\"e-font-icon-svg e-fas-plus\" viewBox=\"0 0 448 512\" xmlns=\"http:\/\/www.w3.org\/2000\/svg\"><path d=\"M416 208H272V64c0-17.67-14.33-32-32-32h-32c-17.67 0-32 14.33-32 32v144H32c-17.67 0-32 14.33-32 32v32c0 17.67 14.33 32 32 32h144v144c0 17.67 14.33 32 32 32h32c17.67 0 32-14.33 32-32V304h144c17.67 0 32-14.33 32-32v-32c0-17.67-14.33-32-32-32z\"><\/path><\/svg><\/span>\n\t\t\t\t\t\t\t\t<span class=\"elementor-accordion-icon-opened\"><svg class=\"e-font-icon-svg e-fas-minus\" viewBox=\"0 0 448 512\" xmlns=\"http:\/\/www.w3.org\/2000\/svg\"><path d=\"M416 208H32c-17.67 0-32 14.33-32 32v32c0 17.67 14.33 32 32 32h384c17.67 0 32-14.33 32-32v-32c0-17.67-14.33-32-32-32z\"><\/path><\/svg><\/span>\n\t\t\t\t\t\t\t\t\t\t\t\t\t\t<\/span>\n\t\t\t\t\t\t\t\t\t\t\t\t<a class=\"elementor-accordion-title\" tabindex=\"0\">PRESID\u00caNCIA<\/a>\n\t\t\t\t\t<\/div>\n\t\t\t\t\t<div id=\"elementor-tab-content-7991\" class=\"elementor-tab-content elementor-clearfix\" data-tab=\"1\" role=\"region\" aria-labelledby=\"elementor-tab-title-7991\"><p><strong>Presidente<\/strong><br \/>Jacinta de F\u00e1tima Sena da Silva &#8211; Presidente da ABEn Nacional<\/p><p><strong>Vice-Presidente<\/strong><br \/>Marta Val\u00e9ria Calatayud Carvalho &#8211; Presidente da ABEn Se\u00e7\u00e3o Goi\u00e1s<\/p><\/div>\n\t\t\t\t<\/div>\n\t\t\t\t\t\t\t\t<\/div>\n\t\t\t\t\t\t<\/div>\n\t\t\t\t<\/div>\n\t\t\t\t\t<\/div>\n\t\t\t\t<\/div>\n\t\t\t\t<\/div>\n\t\t","protected":false},"excerpt":{"rendered":"<p>Jacinta de F\u00e1tima Sena da Silva Presidenta ABEn Nacional Presidente do 23\u00ba SENPE e 4\u00ba SINPE (2025) C\u00e1ssia Barbosa Reis Diretora de Estudos e Pesquisa da ABEn Nacional Coordena\u00e7\u00e3o Nacional do 23\u00ba SENPE e 4\u00ba SINPE (2025) Joseane Ara\u00fajo Franco Presidenta da ABEn-TO Vice-Presidente do 23\u00ba SENPE e 4\u00ba SINPE (2025) Thayza Miranda Pereira UFT\/Diretora [&hellip;]<\/p>\n","protected":false},"author":1,"featured_media":0,"parent":0,"menu_order":0,"comment_status":"closed","ping_status":"closed","template":"elementor_header_footer","meta":{"_joinchat":[],"footnotes":""},"class_list":["post-17","page","type-page","status-publish","hentry"],"aioseo_notices":[],"_links":{"self":[{"href":"https:\/\/eventosaben.org.br\/23senpe\/wp-json\/wp\/v2\/pages\/17"}],"collection":[{"href":"https:\/\/eventosaben.org.br\/23senpe\/wp-json\/wp\/v2\/pages"}],"about":[{"href":"https:\/\/eventosaben.org.br\/23senpe\/wp-json\/wp\/v2\/types\/page"}],"author":[{"embeddable":true,"href":"https:\/\/eventosaben.org.br\/23senpe\/wp-json\/wp\/v2\/users\/1"}],"replies":[{"embeddable":true,"href":"https:\/\/eventosaben.org.br\/23senpe\/wp-json\/wp\/v2\/comments?post=17"}],"version-history":[{"count":184,"href":"https:\/\/eventosaben.org.br\/23senpe\/wp-json\/wp\/v2\/pages\/17\/revisions"}],"predecessor-version":[{"id":2341,"href":"https:\/\/eventosaben.org.br\/23senpe\/wp-json\/wp\/v2\/pages\/17\/revisions\/2341"}],"wp:attachment":[{"href":"https:\/\/eventosaben.org.br\/23senpe\/wp-json\/wp\/v2\/media?parent=17"}],"curies":[{"name":"wp","href":"https:\/\/api.w.org\/{rel}","templated":true}]}}