{"id":13,"date":"2023-12-19T16:32:37","date_gmt":"2023-12-19T19:32:37","guid":{"rendered":"https:\/\/ccmed.com.br\/sepse\/?page_id=13"},"modified":"2024-02-18T21:38:42","modified_gmt":"2024-02-19T00:38:42","slug":"mensagem-da-comissao","status":"publish","type":"page","link":"https:\/\/eventosaben.org.br\/19senaden\/mensagem-da-comissao\/","title":{"rendered":"Mensagem da Comiss\u00e3o"},"content":{"rendered":"\t\t<div data-elementor-type=\"wp-page\" data-elementor-id=\"13\" class=\"elementor elementor-13\" data-elementor-post-type=\"page\">\n\t\t\t\t<div class=\"elementor-element elementor-element-81d19d0 e-flex e-con-boxed e-con e-parent\" data-id=\"81d19d0\" data-element_type=\"container\" data-settings=\"{&quot;background_background&quot;:&quot;classic&quot;}\">\n\t\t\t\t\t<div class=\"e-con-inner\">\n\t\t\t\t\t<\/div>\n\t\t\t\t<\/div>\n\t\t\t\t<section class=\"elementor-section elementor-top-section elementor-element elementor-element-4fb824 elementor-reverse-mobile elementor-section-boxed elementor-section-height-default elementor-section-height-default\" data-id=\"4fb824\" data-element_type=\"section\" data-settings=\"{&quot;background_background&quot;:&quot;classic&quot;}\">\n\t\t\t\t\t\t<div class=\"elementor-container elementor-column-gap-default\">\n\t\t\t\t\t<div class=\"elementor-column elementor-col-100 elementor-top-column elementor-element elementor-element-7ad7da\" data-id=\"7ad7da\" data-element_type=\"column\">\n\t\t\t<div class=\"elementor-widget-wrap elementor-element-populated\">\n\t\t\t\t\t\t<div class=\"elementor-element elementor-element-460dff4 elementor-widget elementor-widget-text-editor\" data-id=\"460dff4\" data-element_type=\"widget\" data-widget_type=\"text-editor.default\">\n\t\t\t\t<div class=\"elementor-widget-container\">\n\t\t\t\t\t\t\t<p>Sejam todos(as) muito bem-vindas e bem-vindos!<\/p><p>\u00c9 com imensa alegria e satisfa\u00e7\u00e3o que receberemos a enfermagem brasileira no estado de Goi\u00e1s em Goi\u00e2nia, para o 19\u00b0 Semin\u00e1rio Nacional de Diretrizes para a Educa\u00e7\u00e3o em Enfermagem, o 16\u00b0 Simp\u00f3sio Nacional de Diagn\u00f3sticos de Enfermagem e o 4\u00b0 Col\u00f3quio Brasileiro de Enfermagem em Sa\u00fade Mental em 2024. Trata-se de um grandioso evento, que agrega tr\u00eas importantes dimens\u00f5es da profiss\u00e3o de enfermagem, a forma\u00e7\u00e3o nos diferentes n\u00edveis, o processo de enfermagem como eixo estruturante da assist\u00eancia de enfermagem, suas bases te\u00f3ricas e os sistemas de linguagem padronizada e suas interfaces com o gerenciamento de servi\u00e7os, e a sa\u00fade mental, como transversal no processo de forma\u00e7\u00e3o, de aten\u00e7\u00e3o e gest\u00e3o.<\/p><p>O tema central \u201cQualidade da forma\u00e7\u00e3o e da pr\u00e1tica em enfermagem: identidade profissional, inova\u00e7\u00e3o, diversidade e bem viver\u201d emergiu de um processo de discuss\u00e3o coletiva que envolveu enfermeiras (os) docentes, pesquisadores, da gest\u00e3o e da pr\u00e1tica assistencial, t\u00e9cnicos de enfermagem e estudantes, partindo da premissa de que o cuidar, a forma\u00e7\u00e3o, a pesquisa, a gest\u00e3o e a formula\u00e7\u00e3o de pol\u00edticas s\u00e3o dimens\u00f5es indissoci\u00e1veis da profiss\u00e3o e com interdepend\u00eancia profunda.<\/p><p>Na programa\u00e7\u00e3o est\u00e3o inclu\u00eddos mini cursos, reuni\u00f5es tem\u00e1ticas, palestras, mesas redondas, pain\u00e9is,\u00a0<em>talk shows<\/em>, tenda Paulo Freire, exposi\u00e7\u00e3o de posters, apresenta\u00e7\u00e3o oral de trabalhos cient\u00edficos, lan\u00e7amentos de livros, premia\u00e7\u00e3o de trabalhos, tudo preparado com muito carinho!<\/p><p>Durante este evento haver\u00e1 exposi\u00e7\u00f5es de tecnologias voltadas para a educa\u00e7\u00e3o, para o cuidar, softwares de apoio ao uso do processo de enfermagem, obras cient\u00edficas, al\u00e9m da exposi\u00e7\u00e3o de produtos regionais.<\/p><p>Para o bem estar dos participantes contaremos com um espa\u00e7o de cuidados por meio de pr\u00e1ticas integrativas.<\/p><p>Este evento \u00e9 um marco importante para discutirmos a forma\u00e7\u00e3o das (os) enfermeiras (os) na gradua\u00e7\u00e3o, resid\u00eancia, especializa\u00e7\u00e3o, mestrado e doutorado, das (os) t\u00e9cnicas (os), e as novas formas de ensinar e aprender, bem como as discuss\u00f5es de estrat\u00e9gias para plena utiliza\u00e7\u00e3o do processo de enfermagem no atendimento aos usu\u00e1rios em todos os n\u00edveis de aten\u00e7\u00e3o \u00e0 sa\u00fade e a necessidade de cuidar da sa\u00fade mental para o bem viver do estudante, do profissional e usuario do servi\u00e7o de sa\u00fade.<\/p><p>Ficaremos honrados por sua presen\u00e7a e contamos com sua contribui\u00e7\u00e3o para tornar esse evento um grande sucesso!<\/p><p>Goi\u00e2nia possui aproximadamente 1 milh\u00e3o e 400 mil habitantes, conhecida por ser a Capital Verde do Brasil e com melhor \u00edndice de qualidade de vida do pa\u00eds, capital da arte Decor, com uma excelente rede hoteleira e uma popula\u00e7\u00e3o muito acolhedora te espera de cora\u00e7\u00e3o e bra\u00e7os abertos!<\/p><p>Aproveitem a oportunidade para ampliar os horizontes culturais, conhecendo lugares como a antiga Esta\u00e7\u00e3o Ferrovi\u00e1ria, o Teatro Goi\u00e2nia, o Pal\u00e1cio das Esmeraldas, o Grande Hotel, monumentos ic\u00f4nicos que recebem visitantes de todo o mundo. Acrescentem ao roteiro as lindas feiras de vestu\u00e1rio, bolsas e cal\u00e7ados, a movimentada e charmosa vida noturna da cidade, seus bares, m\u00fasica regional, a rica culin\u00e1ria goiana, bem como as suas belezas naturais: como as belas cachoeiras em Piren\u00f3polis-GO, e o maravilhoso artesanato em pedras semipreciosas, a cidade de Goi\u00e1s, onde viveu nossa poetisa mais famosa, Cora Coralina, e a maior instancia de \u00e1guas termais do mundo em Caldas Novas-GO.<\/p><p>Ser\u00e1 um momento de aprendizado, troca de experi\u00eancias e networking que enriquecer\u00e1 nossa forma\u00e7\u00e3o, nossa pr\u00e1tica profissional e bem viver. Aproveite a oportunidade para estabelecer novas amizades, conhecer estudantes de diversos n\u00edveis, colegas de profiss\u00e3o e criar mem\u00f3rias duradouras.<\/p><p>Desejamos a todos uma estadia agrad\u00e1vel e produtiva em Goi\u00e2nia, Goi\u00e1s. Estejam \u00e0 vontade para entrar em contato conosco se precisarem de informa\u00e7\u00f5es adicionais.<\/p>\t\t\t\t\t\t<\/div>\n\t\t\t\t<\/div>\n\t\t\t\t<section class=\"elementor-section elementor-inner-section elementor-element elementor-element-620e54cc elementor-section-boxed elementor-section-height-default elementor-section-height-default\" data-id=\"620e54cc\" data-element_type=\"section\">\n\t\t\t\t\t\t<div class=\"elementor-container elementor-column-gap-default\">\n\t\t\t\t\t<div class=\"elementor-column elementor-col-50 elementor-inner-column elementor-element elementor-element-256d523d\" data-id=\"256d523d\" data-element_type=\"column\">\n\t\t\t<div class=\"elementor-widget-wrap elementor-element-populated\">\n\t\t\t\t\t\t<div class=\"elementor-element elementor-element-597e0a07 elementor-position-left elementor-vertical-align-top elementor-widget elementor-widget-image-box\" data-id=\"597e0a07\" data-element_type=\"widget\" data-widget_type=\"image-box.default\">\n\t\t\t\t<div class=\"elementor-widget-container\">\n\t\t\t<div class=\"elementor-image-box-wrapper\"><figure class=\"elementor-image-box-img\"><img decoding=\"async\" width=\"100\" height=\"100\" src=\"https:\/\/eventosaben.org.br\/19senaden\/wp-content\/uploads\/2024\/02\/jacinta_GESTAO2022-qeyhhmwzoudpt7pf4lybb2gj9jlt68tsg8w0gcbdgo.webp\" class=\"attachment-full size-full wp-image-406\" alt=\"\" \/><\/figure><div class=\"elementor-image-box-content\"><h3 class=\"elementor-image-box-title\">Profa. Dra. Jacinta de Fatima Sena da Silva<\/h3><p class=\"elementor-image-box-description\">Presidente da Associa\u00e7\u00e3o Brasileira de Enfermagem e do 19\u00b0 Semin\u00e1rio Nacional de Diretrizes para a Educa\u00e7\u00e3o em Enfermagem, o 16\u00b0 Simp\u00f3sio Nacional de Diagn\u00f3sticos de Enfermagem e o 4\u00ba Col\u00f3quio Brasileiro de Enfermagem em Sa\u00fade Mental<\/p><\/div><\/div>\t\t<\/div>\n\t\t\t\t<\/div>\n\t\t\t\t\t<\/div>\n\t\t<\/div>\n\t\t\t\t<div class=\"elementor-column elementor-col-50 elementor-inner-column elementor-element elementor-element-764660ab\" data-id=\"764660ab\" data-element_type=\"column\">\n\t\t\t<div class=\"elementor-widget-wrap elementor-element-populated\">\n\t\t\t\t\t\t<div class=\"elementor-element elementor-element-79602292 elementor-position-left elementor-vertical-align-top elementor-widget elementor-widget-image-box\" data-id=\"79602292\" data-element_type=\"widget\" data-widget_type=\"image-box.default\">\n\t\t\t\t<div class=\"elementor-widget-container\">\n\t\t\t<div class=\"elementor-image-box-wrapper\"><figure class=\"elementor-image-box-img\"><img decoding=\"async\" width=\"100\" height=\"100\" src=\"https:\/\/eventosaben.org.br\/19senaden\/wp-content\/uploads\/2024\/02\/Marta-Presidente-1-qeyhlsdbvi2b37obvwjztiqtpt5664b40sm7rc5rzc.webp\" class=\"attachment-full size-full wp-image-407\" alt=\"\" \/><\/figure><div class=\"elementor-image-box-content\"><h3 class=\"elementor-image-box-title\">Enfa. Marta Val\u00e9ria Calatayud Carvalho<\/h3><p class=\"elementor-image-box-description\">Presidente da Associa\u00e7\u00e3o Brasileira de Enfermagem \u2013 Se\u00e7\u00e3o Goi\u00e1s \u2013 e Vice-Presidente do 19\u00b0 Semin\u00e1rio Nacional de Diretrizes para a Educa\u00e7\u00e3o em Enfermagem, o 16\u00b0 Simp\u00f3sio Nacional de Diagn\u00f3sticos de Enfermagem e o 4\u00ba Col\u00f3quio Brasileiro de Enfermagem em Sa\u00fade Mental<\/p><\/div><\/div>\t\t<\/div>\n\t\t\t\t<\/div>\n\t\t\t\t\t<\/div>\n\t\t<\/div>\n\t\t\t\t\t<\/div>\n\t\t<\/section>\n\t\t\t\t\t<\/div>\n\t\t<\/div>\n\t\t\t\t\t<\/div>\n\t\t<\/section>\n\t\t<div class=\"elementor-element elementor-element-b805cc4 e-flex e-con-boxed e-con e-parent\" data-id=\"b805cc4\" data-element_type=\"container\">\n\t\t\t\t\t<div class=\"e-con-inner\">\n\t\t<div class=\"elementor-element elementor-element-389f479 e-con-full e-flex e-con e-child\" data-id=\"389f479\" data-element_type=\"container\">\n\t\t\t\t<div class=\"elementor-element elementor-element-acaffdb elementor-widget elementor-widget-button\" data-id=\"acaffdb\" data-element_type=\"widget\" data-widget_type=\"button.default\">\n\t\t\t\t<div class=\"elementor-widget-container\">\n\t\t\t\t\t<div class=\"elementor-button-wrapper\">\n\t\t\t<a class=\"elementor-button elementor-button-link elementor-size-sm\" href=\"https:\/\/eventosaben.org.br\/19senaden\/index.php\/comissao-cientifica\/\">\n\t\t\t\t\t\t<span class=\"elementor-button-content-wrapper\">\n\t\t\t\t\t\t\t\t\t<span class=\"elementor-button-text\">Comiss\u00e3o Cient\u00edfica<\/span>\n\t\t\t\t\t<\/span>\n\t\t\t\t\t<\/a>\n\t\t<\/div>\n\t\t\t\t<\/div>\n\t\t\t\t<\/div>\n\t\t\t\t<\/div>\n\t\t<div class=\"elementor-element elementor-element-4954fb9 e-con-full e-flex e-con e-child\" data-id=\"4954fb9\" data-element_type=\"container\">\n\t\t\t\t<div class=\"elementor-element elementor-element-edd53b5 elementor-widget elementor-widget-button\" data-id=\"edd53b5\" data-element_type=\"widget\" data-widget_type=\"button.default\">\n\t\t\t\t<div class=\"elementor-widget-container\">\n\t\t\t\t\t<div class=\"elementor-button-wrapper\">\n\t\t\t<a class=\"elementor-button elementor-button-link elementor-size-sm\" href=\"https:\/\/eventosaben.org.br\/19senaden\/index.php\/comissao-organizadora\/\">\n\t\t\t\t\t\t<span class=\"elementor-button-content-wrapper\">\n\t\t\t\t\t\t\t\t\t<span class=\"elementor-button-text\">Comiss\u00e3o Organizadora<\/span>\n\t\t\t\t\t<\/span>\n\t\t\t\t\t<\/a>\n\t\t<\/div>\n\t\t\t\t<\/div>\n\t\t\t\t<\/div>\n\t\t\t\t<\/div>\n\t\t<div class=\"elementor-element elementor-element-961f719 e-con-full e-flex e-con e-child\" data-id=\"961f719\" data-element_type=\"container\">\n\t\t\t\t<div class=\"elementor-element elementor-element-6c67553 elementor-widget elementor-widget-button\" data-id=\"6c67553\" data-element_type=\"widget\" data-widget_type=\"button.default\">\n\t\t\t\t<div class=\"elementor-widget-container\">\n\t\t\t\t\t<div class=\"elementor-button-wrapper\">\n\t\t\t<a class=\"elementor-button elementor-button-link elementor-size-sm\" href=\"https:\/\/eventosaben.org.br\/19senaden\/index.php\/local-do-evento\/\">\n\t\t\t\t\t\t<span class=\"elementor-button-content-wrapper\">\n\t\t\t\t\t\t\t\t\t<span class=\"elementor-button-text\">Local do Evento<\/span>\n\t\t\t\t\t<\/span>\n\t\t\t\t\t<\/a>\n\t\t<\/div>\n\t\t\t\t<\/div>\n\t\t\t\t<\/div>\n\t\t\t\t<\/div>\n\t\t\t\t\t<\/div>\n\t\t\t\t<\/div>\n\t\t\t\t<\/div>\n\t\t","protected":false},"excerpt":{"rendered":"<p>Sejam todos(as) muito bem-vindas e bem-vindos! \u00c9 com imensa alegria e satisfa\u00e7\u00e3o que receberemos a enfermagem brasileira no estado de Goi\u00e1s em Goi\u00e2nia, para o 19\u00b0 Semin\u00e1rio Nacional de Diretrizes para a Educa\u00e7\u00e3o em Enfermagem, o 16\u00b0 Simp\u00f3sio Nacional de Diagn\u00f3sticos de Enfermagem e o 4\u00b0 Col\u00f3quio Brasileiro de Enfermagem em Sa\u00fade Mental em 2024. [&hellip;]<\/p>\n","protected":false},"author":1,"featured_media":0,"parent":0,"menu_order":0,"comment_status":"closed","ping_status":"closed","template":"elementor_header_footer","meta":{"_joinchat":[],"footnotes":""},"class_list":["post-13","page","type-page","status-publish","hentry"],"aioseo_notices":[],"_links":{"self":[{"href":"https:\/\/eventosaben.org.br\/19senaden\/wp-json\/wp\/v2\/pages\/13"}],"collection":[{"href":"https:\/\/eventosaben.org.br\/19senaden\/wp-json\/wp\/v2\/pages"}],"about":[{"href":"https:\/\/eventosaben.org.br\/19senaden\/wp-json\/wp\/v2\/types\/page"}],"author":[{"embeddable":true,"href":"https:\/\/eventosaben.org.br\/19senaden\/wp-json\/wp\/v2\/users\/1"}],"replies":[{"embeddable":true,"href":"https:\/\/eventosaben.org.br\/19senaden\/wp-json\/wp\/v2\/comments?post=13"}],"version-history":[{"count":37,"href":"https:\/\/eventosaben.org.br\/19senaden\/wp-json\/wp\/v2\/pages\/13\/revisions"}],"predecessor-version":[{"id":694,"href":"https:\/\/eventosaben.org.br\/19senaden\/wp-json\/wp\/v2\/pages\/13\/revisions\/694"}],"wp:attachment":[{"href":"https:\/\/eventosaben.org.br\/19senaden\/wp-json\/wp\/v2\/media?parent=13"}],"curies":[{"name":"wp","href":"https:\/\/api.w.org\/{rel}","templated":true}]}}